{"id":217,"date":"2024-06-21T22:47:10","date_gmt":"2024-06-21T22:47:10","guid":{"rendered":"https:\/\/technotex.ca\/?page_id=217"},"modified":"2024-06-25T22:59:54","modified_gmt":"2024-06-25T22:59:54","slug":"protective-clothing-fabrics","status":"publish","type":"page","link":"https:\/\/technotex.ca\/?page_id=217","title":{"rendered":"PROTECTIVE CLOTHING FABRICS"},"content":{"rendered":"\n\n\n\n<p>protect\u0131ve cloth\u0131ng fabr\u0131cs<\/p>\n\n\n\n\n\n\n\n\n\n\n\n\n\n\n\n\n\n\n\n\n\n\n\n\n\n\n<p style=\"text-align: right; \"><span style=\"font-size: 20px; color: rgb(255, 255, 255);\"><strong style=\"line-height: 1;\">LOREM CORPORATE CEO<\/strong><\/span><\/p><p style=\"text-align: center;\"><span style=\"color: rgb(255, 255, 255);\">Duis aute irure dolor in reprehenderit in voluptate velit esse cillum dolore eu fugiat nulla pariatur. Excepteur sint occaecat cupidatat non proident, sunt in culpa qui officia deserunt mollit anim id est laborum.<\/span><\/p><p style=\"text-align: left;\"><sign>\u00a0 \u00a0 \u00a0 <span style=\"line-height: 2.0;\">Benn Marshall<\/span><\/sign><\/p>\n\n\n<p style=\"text-align: justify;\"><span style=\"color: rgb(119, 119, 119); font-family: &quot;DM Sans&quot;, sans-serif;\">Technotex offers waterproof protective clothing fabrics for diverse markets. Along with our experience in coating, our know-how of technical qualities bring solutions to wide range of industries from heavy work environments to daily leisure activities, always keeping in mind the health and safety of the user. We are proud to offer tailor made solution per customers\u2019 needs and requirements such as oil resistant, antistatic, high visibility and fire retardant PU and PVC solutions.<br><\/span><br><\/p>\n\n\n\n\n\n","protected":false},"excerpt":{"rendered":"","protected":false},"author":1,"featured_media":0,"parent":0,"menu_order":0,"comment_status":"closed","ping_status":"closed","template":"","meta":{"pagelayer_contact_templates":[],"_pagelayer_content":"","footnotes":""},"class_list":["post-217","page","type-page","status-publish","hentry"],"yoast_head":"<!-- This site is optimized with the Yoast SEO plugin v27.4 - https:\/\/yoast.com\/product\/yoast-seo-wordpress\/ -->\n<title>PROTECTIVE CLOTHING FABRICS - Technotex<\/title>\n<meta name=\"robots\" content=\"index, follow, max-snippet:-1, max-image-preview:large, max-video-preview:-1\" \/>\n<link rel=\"canonical\" href=\"https:\/\/technotex.ca\/?page_id=217\" \/>\n<meta property=\"og:locale\" content=\"en_US\" \/>\n<meta property=\"og:type\" content=\"article\" \/>\n<meta property=\"og:title\" content=\"PROTECTIVE CLOTHING FABRICS - Technotex\" \/>\n<meta property=\"og:url\" content=\"https:\/\/technotex.ca\/?page_id=217\" \/>\n<meta property=\"og:site_name\" content=\"Technotex\" \/>\n<meta property=\"article:modified_time\" content=\"2024-06-25T22:59:54+00:00\" \/>\n<meta name=\"twitter:card\" content=\"summary_large_image\" \/>\n<script type=\"application\/ld+json\" class=\"yoast-schema-graph\">{\"@context\":\"https:\\\/\\\/schema.org\",\"@graph\":[{\"@type\":[\"WebPage\",\"ItemPage\"],\"@id\":\"https:\\\/\\\/technotex.ca\\\/?page_id=217\",\"url\":\"https:\\\/\\\/technotex.ca\\\/?page_id=217\",\"name\":\"PROTECTIVE CLOTHING FABRICS - Technotex\",\"isPartOf\":{\"@id\":\"https:\\\/\\\/technotex.ca\\\/#website\"},\"datePublished\":\"2024-06-21T22:47:10+00:00\",\"dateModified\":\"2024-06-25T22:59:54+00:00\",\"breadcrumb\":{\"@id\":\"https:\\\/\\\/technotex.ca\\\/?page_id=217#breadcrumb\"},\"inLanguage\":\"en-CA\",\"potentialAction\":[{\"@type\":\"ReadAction\",\"target\":[\"https:\\\/\\\/technotex.ca\\\/?page_id=217\"]}]},{\"@type\":\"BreadcrumbList\",\"@id\":\"https:\\\/\\\/technotex.ca\\\/?page_id=217#breadcrumb\",\"itemListElement\":[{\"@type\":\"ListItem\",\"position\":1,\"name\":\"Home\",\"item\":\"https:\\\/\\\/technotex.ca\\\/\"},{\"@type\":\"ListItem\",\"position\":2,\"name\":\"PROTECTIVE CLOTHING FABRICS\"}]},{\"@type\":\"WebSite\",\"@id\":\"https:\\\/\\\/technotex.ca\\\/#website\",\"url\":\"https:\\\/\\\/technotex.ca\\\/\",\"name\":\"Technotex\",\"description\":\"Cutting-Edge Technology in Textile Products\",\"potentialAction\":[{\"@type\":\"SearchAction\",\"target\":{\"@type\":\"EntryPoint\",\"urlTemplate\":\"https:\\\/\\\/technotex.ca\\\/?s={search_term_string}\"},\"query-input\":{\"@type\":\"PropertyValueSpecification\",\"valueRequired\":true,\"valueName\":\"search_term_string\"}}],\"inLanguage\":\"en-CA\"}]}<\/script>\n<!-- \/ Yoast SEO plugin. -->","yoast_head_json":{"title":"PROTECTIVE CLOTHING FABRICS - Technotex","robots":{"index":"index","follow":"follow","max-snippet":"max-snippet:-1","max-image-preview":"max-image-preview:large","max-video-preview":"max-video-preview:-1"},"canonical":"https:\/\/technotex.ca\/?page_id=217","og_locale":"en_US","og_type":"article","og_title":"PROTECTIVE CLOTHING FABRICS - Technotex","og_url":"https:\/\/technotex.ca\/?page_id=217","og_site_name":"Technotex","article_modified_time":"2024-06-25T22:59:54+00:00","twitter_card":"summary_large_image","schema":{"@context":"https:\/\/schema.org","@graph":[{"@type":["WebPage","ItemPage"],"@id":"https:\/\/technotex.ca\/?page_id=217","url":"https:\/\/technotex.ca\/?page_id=217","name":"PROTECTIVE CLOTHING FABRICS - Technotex","isPartOf":{"@id":"https:\/\/technotex.ca\/#website"},"datePublished":"2024-06-21T22:47:10+00:00","dateModified":"2024-06-25T22:59:54+00:00","breadcrumb":{"@id":"https:\/\/technotex.ca\/?page_id=217#breadcrumb"},"inLanguage":"en-CA","potentialAction":[{"@type":"ReadAction","target":["https:\/\/technotex.ca\/?page_id=217"]}]},{"@type":"BreadcrumbList","@id":"https:\/\/technotex.ca\/?page_id=217#breadcrumb","itemListElement":[{"@type":"ListItem","position":1,"name":"Home","item":"https:\/\/technotex.ca\/"},{"@type":"ListItem","position":2,"name":"PROTECTIVE CLOTHING FABRICS"}]},{"@type":"WebSite","@id":"https:\/\/technotex.ca\/#website","url":"https:\/\/technotex.ca\/","name":"Technotex","description":"Cutting-Edge Technology in Textile Products","potentialAction":[{"@type":"SearchAction","target":{"@type":"EntryPoint","urlTemplate":"https:\/\/technotex.ca\/?s={search_term_string}"},"query-input":{"@type":"PropertyValueSpecification","valueRequired":true,"valueName":"search_term_string"}}],"inLanguage":"en-CA"}]}},"_links":{"self":[{"href":"https:\/\/technotex.ca\/index.php?rest_route=\/wp\/v2\/pages\/217","targetHints":{"allow":["GET"]}}],"collection":[{"href":"https:\/\/technotex.ca\/index.php?rest_route=\/wp\/v2\/pages"}],"about":[{"href":"https:\/\/technotex.ca\/index.php?rest_route=\/wp\/v2\/types\/page"}],"author":[{"embeddable":true,"href":"https:\/\/technotex.ca\/index.php?rest_route=\/wp\/v2\/users\/1"}],"replies":[{"embeddable":true,"href":"https:\/\/technotex.ca\/index.php?rest_route=%2Fwp%2Fv2%2Fcomments&post=217"}],"version-history":[{"count":13,"href":"https:\/\/technotex.ca\/index.php?rest_route=\/wp\/v2\/pages\/217\/revisions"}],"predecessor-version":[{"id":521,"href":"https:\/\/technotex.ca\/index.php?rest_route=\/wp\/v2\/pages\/217\/revisions\/521"}],"wp:attachment":[{"href":"https:\/\/technotex.ca\/index.php?rest_route=%2Fwp%2Fv2%2Fmedia&parent=217"}],"curies":[{"name":"wp","href":"https:\/\/api.w.org\/{rel}","templated":true}]}}